ose -q = -0*q - 5. Let u be -2*42/(-20)*q. Let g be 18 - -1 - (-66)/33. Calculate the highest common divisor of u and g.
21
Let t be (35105/(-1785))/(-1 - 221/(-222)). Calculate the greatest common divisor of t and 118.
118
Let x = 14217 - 10334. What is the greatest common divisor of 11 and x?
11
Let z(x) = 7*x**2 - 2*x - 75. Let q(f) = 15*f**2 - 5*f - 149. Let u(r) = -6*q(r) + 13*z(r). Let v be u(-13). Calculate the greatest common factor of v and 612.
36
Let c(t) = 18*t**2 + t - 1. Let b be c(1). Let m(i) = -i**2 - 42*i + 4. Let f be m(-29). Let z = 435 - f. What is the greatest common factor of z and b?
18
Suppose -2*d + 94 = 4*a, d - 2*a - 49 = 14. What is the highest common factor of d and 385?
55
Let h(u) = u**2 + 5*u + 6. Let j be h(-3). Suppose j = -27*z + 87 + 48. Calculate the greatest common factor of 5 and z.
5
Suppose 15*l + 787 = 6007. Let z = -58 + 38. Let k = z + l. Calculate the greatest common factor of 41 and k.
41
Suppose 4*j = 4*m - 7328, -m - 3*j + 2763 = 915. Calculate the highest common divisor of m and 272.
68
Let l be 379/6 - 17/102. Suppose -21 = -j + 4*c - 3, 0 = -2*j - c + l. Let g = 56 - j. What is the highest common divisor of g and 39?
13
Suppose 13*g - 56 = 85 + 54. Calculate the highest common factor of g and 4245.
15
Let h(p) = -p**3 + 6*p**2 + 3*p - 13. Let y be h(6). Suppose -5*x = -3*q + 30, -q + y*x + 5 = -5. What is the highest common factor of 5 and q?
5
Suppose 0 = -4*d + 72 + 16. Let t be 12/15 + 9982/35. What is the highest common divisor of t and d?
22
Let a(f) = 326*f**3 - 21*f**2 + 23*f. Let k be a(1). Calculate the highest common factor of 352 and k.
8
Suppose -10 - 5 = -r. Let l be (-1 + -19)*(-6)/r. Let y be (324/270)/(((-27)/(-90))/3). Calculate the highest common factor of y and l.
4
Suppose -8*b + 9*b + 396 = 34*b. Calculate the greatest common factor of 12372 and b.
12
Suppose -901*g = -910*g + 3420. Suppose 0 = 4*w - 3*q + 2*q - g, -w + 2*q = -102. What is the highest common factor of 47 and w?
47
Suppose a - 370 = 4*b, -4*a - 208*b + 1510 = -209*b. What is the greatest common factor of 8 and a?
2
Suppose m - 3*m - 770 = 5*a, 5*a - 4*m + 740 = 0. Let g = a - -250. What is the greatest common factor of g and 14?
14
Let r be (5*-8)/(2 - 3). Suppose -14*q = -18*q + 56. Let a = r - q. Calculate the greatest common divisor of a and 13.
13
Let c(v) = -3*v**2 + 101*v - 235. Let j be c(26). Calculate the greatest common divisor of 330 and j.
33
Let z be (1*(-3)/2)/(1/2). Let g be -4 - z/((-12)/(-8)). Let w be (g - 2/3)*(-42)/4. Calculate the greatest common factor of 21 and w.
7
Let a = 410 + -513. Let w = a - -145. What is the highest common factor of w and 14?
14
Suppose 14*i + 47 = 229. Let q(w) = 3 + i*w + w**2 + 3*w - 14*w. Let n be q(4). What is the greatest common factor of n and 3?
3
Let f be (-68)/(-4)*1*-1. Let u = 40 + f. Let t be 14/1 - 297/(-33). Calculate the greatest common divisor of u and t.
23
Let k be ((-324)/(-20) - -3)/(18/120*1). What is the greatest common divisor of k and 368?
16
Let m = -30 + 26. Let x be m/(-18) - 52459/(-171). Let r = x - 217. What is the greatest common factor of 18 and r?
18
Suppose -r + 5 = 6, -2*x + r = -31. Let h(s) = 5*s**2 + 4*s + 3. Let f = 16 + -18. Let v be h(f). Calculate the highest common divisor of v and x.
15
Let k(v) = 314*v**2 - 270*v + 1710. Let j be k(6). Calculate the highest common divisor of 108 and j.
54
Let u(t) = 10*t**3 - 4*t**2 - 12*t + 30. Let v be u(2). Suppose 7*y = 11*y - 700. Calculate the highest common divisor of v and y.
35
Let x = 5427 - -1643. What is the highest common factor of x and 280?
70
Suppose 5*q - 4*n = -5*n + 17861, -3*q + 10699 = 5*n. Calculate the greatest common divisor of 9 and q.
9
Let v(c) = -c + 11. Let y be v(8). Let b = -18542 + 18569. What is the greatest common divisor of b and y?
3
Suppose 3*r + 1315 = 5*h, 25 = 4*r - 9*r. Let d = -54 - -114. What is the greatest common factor of h and d?
20
Let c(f) = 27*f**3 + 17*f**2 - 8*f + 8. Let n be c(2). Calculate the highest common factor of n and 1518.
138
Let s(b) = 3*b**2 - 3*b + 4. Let y be s(-3). Let x = 263 - 245. Let k be 8 - (x - 5) - -45. Calculate the highest common divisor of k and y.
40
Let d be (-75)/(-4 - -19*(-9)/(-45)). Calculate the highest common divisor of 1425 and d.
75
Let g be 22/(7279/(-319) - -23). Let k = -10 + 21. Calculate the greatest common divisor of k and g.
11
Suppose -9*v = -4*v, -2*w = -4*v - 16. Calculate the greatest common factor of 58 and w.
2
Let z(i) = -i**2 - 242*i + 8515. Let u be z(31). Let l(v) = -v**3 - v**2 + 2*v. Let x be l(-3). Calculate the highest common divisor of x and u.
4
Let p = 164 - -240. Suppose -p = -7*a + 380. Let b = 3 + 11. What is the greatest common factor of a and b?
14
Let i be -6*52/(-8) - 4. Suppose i*b = 39*b - 12. Suppose -f = -b*f + 5*t + 10, 5*t - 30 = -2*f. What is the highest common factor of 4 and f?
2
Let r = -18 - -33. Let h = 6824 + -6479. What is the greatest common factor of r and h?
15
Let b(a) be the first derivative of 15*a**2/2 - 97*a + 113. Let w be b(31). Calculate the highest common divisor of w and 16.
16
Let r(q) = 4*q**2 - 2*q - 5. Let p be r(4). Suppose -18*v + 312 = 6. Suppose 5703 = v*a - 366. What is the greatest common factor of a and p?
51
Suppose 11*o - 9*o + 34 = 0. Let a = 22 + o. Let p be (-6)/(a/((-30)/9)). Calculate the highest common factor of p and 4.
4
Let u(v) = -86*v - 581. Let q be u(-7). Let k be 3*-8*(-3 - (1 - -3)). Calculate the highest common divisor of q and k.
21
Suppose -m - m - 4 = 4*g, -3*m + 38 = -5*g. Suppose m*z = 141 - 63. What is the highest common divisor of z and 104?
13
Let p = -15767 - -15887. Calculate the greatest common divisor of 1480 and p.
40
Let z be ((-30)/(-345) + (-75)/69)*-18. What is the highest common factor of z and 5193?
9
Suppose 15 = 5*t, -f - t - 3*t = 18. Let w = f + 12. Let z be (-286)/(-10) + (w/5 - -3). What is the greatest common divisor of z and 56?
28
Let g = -22 + 25. Suppose 10*p - 53 = 1177. Calculate the greatest common factor of p and g.
3
Let z be 2*((-126)/12 + 7). Let b(v) = 2*v**2 + 7*v - 7. Let g be b(z). What is the highest common divisor of 6 and g?
6
Let b = 43 + -7. Let j(f) = 131*f**2 - 164*f + 33. Let p be j(3). Calculate the greatest common divisor of p and b.
36
Let d be (18/(-45))/(222/(-4995)). Let n(s) = 8*s**2 - 8*s - 3. Let b be n(7). What is the highest common factor of b and d?
9
Let f = -662 - -669. Suppose -15*p + 464 = -f*p. What is the greatest common divisor of 6 and p?
2
Suppose -3*l + 14 = -10. Let v(a) = 25 + 25*a + 2*a + 73 - 6 - a**3 - 26*a**2 + 32*a. Let c be v(-28). Calculate the highest common divisor of c and l.
8
Suppose 0 = -10*w + 1158 + 5822. Suppose 3*c - w = 4*p, 2*p - 155 - 71 = -c. What is the greatest common factor of c and 10?
10
Let z = 29 + 106. Let r be 52/9 + (14/63 - 0). Suppose 2*p - 4*d - 10 = 0, -35 = -r*p + 2*p + 5*d. What is the highest common factor of z and p?
15
Suppose 10*d = 210 + 250. Suppose -3*p + 5*k - 4*k = -d, -4*k = 4*p - 72. What is the highest common factor of p and 128?
16
Let b = -240677 + 240683. Suppose -q = 3*q - 48. What is the highest common factor of q and b?
6
Let l = 1143 + -1134. Let c be 9 + -12 + 3 + l. Let y = 6 + 3. Calculate the greatest common factor of c and y.
9
Suppose -406 = -78*y + 140. Let p be ((-28)/(-3))/(8/48). Calculate the greatest common divisor of p and y.
7
Suppose 3*i + 88 = 7*i + 2*z, 0 = -5*i + 5*z + 110. Suppose -i*d + 314 = -1094. What is the greatest common divisor of d and 224?
32
Let y(h) = 8*h**3 + h**2 + 2*h - 1. Let z be y(1). Suppose -60 = -z*p + 11*p. Let x be 18/2*p/(-9). Calculate the greatest common divisor of 24 and x.
12
Let i be 0/2 - 25/(25/(-5)). Let n be (4 - (-16)/(-3))*-3. Suppose -l - 3 = -n*l. What is the greatest common divisor of l and i?
1
Let r be 38 + -2 + -1 + 1. Let l be 35 - 27 - (-6)/(-2). Suppose c = -l*c + r. Calculate the highest common divisor of 96 and c.
6
Suppose -i = 2, -i = 5*p - 3*i + 256. Let z = 55 + p. Suppose -3*s = -0*s - z*m - 138, -3*m - 89 = -2*s. Calculate the greatest common divisor of 7 and s.
7
Let y = 752 - 743. Let i be 12/y*(5 + 43). Calculate the greatest common factor of i and 72.
8
Suppose -2*t + 3051 = 5*v, 67*t = 70*t + 2*v - 4560.